(x)?
-54
Let h(s) = 334*s**2 + 268*s**2 - 572*s**2 - 2. Give h(2).
118
Let f(p) = 8 - 3 + 4*p - 12*p + 7*p. Let g(c) = 5*c - 15. Let i be g(5). Let v be f(i). Let t(a) = -a**2 - 2*a + 4. Determine t(v).
-11
Suppose -43 = -5*s - 2*b, 5*b + 30 = 2*s + 9*b. Let n(j) = 0 - 5 + 1 + s*j + 2. Give n(1).
5
Let h(z) = 22*z + 63. Let q be h(-3). Let x(o) = -o + 14. Let t(f) = 13. Let w(g) = q*x(g) + 4*t(g). Determine w(7).
31
Let z(l) be the second derivative of -2*l**3 - 787*l - 2. Let b = -2 - 1. Calculate z(b).
36
Let z(l) = 4*l**2 - 9*l - 1. Let n(d) = 7*d**2 - 23*d - 5. Let m(u) = -n(u) + 2*z(u). Suppose 0 = 5*k + 5 + 10. Determine m(k).
-3
Suppose -10*v = -6*v + 304. Let k = v - -76. Let g be 140/84*(3 + k). Let p(q) = 2*q - 3. What is p(g)?
7
Let u(i) be the first derivative of 1/2*i**2 - 2 + 1/3*i**3 - 3*i. Let f(x) be the first derivative of u(x). Give f(-3).
-5
Let q(y) = y**3 + y**2 - y + 3. Let i be 71/(-213) + (-451)/(-3). Let z be -12*(-5)/i - (-2)/(-5). Give q(z).
3
Let s(c) be the third derivative of c**6/120 + c**5/10 - c**4/4 - 2*c**3/3 + c**2. Let h = 62291 + -62298. Give s(h).
-11
Let x be -1 - (-1 + -2) - 2. Let t(f) = -f + 6 + 2 + x - 2. Let l be 22/(1782/225) + 4/(-54)*-3. What is t(l)?
3
Let m(v) = 15*v**2 - 72532*v + 4*v**2 + 14 + 72535*v - 10*v**2 - 2*v**3. Determine m(5).
4
Suppose 23*d - 30 = 16. Let z(y) = -2 + y**d + 3 + 1043*y - 1034*y. What is z(-9)?
1
Let b be (7/2 - (-32)/64) + 2. Let k(z) = -2*z. Let u be k(-3). Let f(j) = 7*j - b*j - 13 + j**2 + 6*j - u*j. What is f(0)?
-13
Let i(w) be the second derivative of 2*w - 3*w**2 - 1/20*w**5 + 1/4*w**4 + 6 + 1/3*w**3. Give i(4).
-14
Let c(w) be the second derivative of -13*w**4/12 + w**3/6 + 5*w**2/2 - 441*w. Determine c(-2).
-49
Let t(g) be the third derivative of -g**5/60 - 5*g**4/24 - 4*g**3/3 - 859*g**2. What is t(-2)?
-2
Let x(c) be the first derivative of 2*c**2 + c - 33. Suppose -k - 1 = 4*p + 13, 3*k = 5*p + 9. What is x(k)?
-7
Let c(d) be the second derivative of d**4/12 + 7*d**3/3 - 17*d**2/2 - 129*d + 3. Give c(-15).
-2
Let c(o) = -2*o - 10 + 53*o**2 + 37 - 8 + 57*o**2 - 111*o**2. Let p(a) = -a**2 - 3*a + 4. Let z be p(-5). Determine c(z).
-5
Let g(b) = -3*b**3 + b**2 + 2. Let j be 65/(-39)*(116/20 + -7). Determine g(j).
-18
Let m(j) = -j**2 - 3*j. Let y(n) = 8*n**2 + 14*n - 25. Let h(o) = 7*m(o) + y(o). Calculate h(11).
19
Let u(l) = -2*l**3 - 8*l**2 + l - 4. Let t be u(-4). Let m(b) be the second derivative of b**3/6 + b**2 - 38*b. Give m(t).
-6
Let t(y) = -y**3 + 4*y**2 + 11. Let f = -5511 + 5515. Calculate t(f).
11
Let p(h) = 5*h - 1. Let c = 90 + -79. Suppose -8*n + c + 13 = 0. Let q(x) = -5*x + 18. Let s be q(n). What is p(s)?
14
Let p(c) = -2*c**3 + c**2 - 4*c - 2. Suppose 217*j - 335 - 208 = 108. Give p(j).
-59
Let p(o) be the first derivative of o**4/4 - 8*o**3/3 + 5*o**2/2 - 12*o + 613. Determine p(7).
-26
Let q(c) be the second derivative of c**7/840 - c**6/90 + c**4/6 + 55*c**3/6 - c**2/2 - 64*c. Let p(u) be the second derivative of q(u). Calculate p(4).
4
Let o = 38 + -46. Let t(f) = -3*f + 13. Let r be t(-7). Let h(b) = -5*b + 30 + 14*b - r + b**2. Give h(o).
-12
Let r(m) = 27*m - 1437. Let x be r(53). Let c(d) = -d**3 - 7*d**2 - 6*d + 8. What is c(x)?
8
Let l(g) be the first derivative of g**3/3 - 3*g**2/2 - 20*g - 3279. Determine l(-3).
-2
Let a(v) be the third derivative of v**7/840 - v**6/120 - v**5/20 + v**4/4 + 109*v**3/6 + 3*v**2 + 3*v. Let w(m) be the first derivative of a(m). Give w(4).
-2
Let d(n) be the third derivative of -n**6/120 - 3*n**5/20 - n**4/8 + 11*n**3/2 + 593*n**2 - 5*n. Determine d(-7).
-44
Let x(v) = -5*v + v - 7*v - 14*v - 4 + 30*v - 6*v. Let o be 3/(-4)*-8*1. Let j(a) = -a**2 + 8*a - 8. Let c be j(o). Give x(c).
-8
Let i(x) = -8*x - 1. Let y be i(-2). Let z be 0 - (-800)/y - 2/(-3). Let m(f) = -f**2 - 27 - 2*f - 25 + z - 2*f**2. Determine m(-2).
-6
Let j(w) = -2*w - 210. Let l(o) = -30. Let p(f) = j(f) - 6*l(f). What is p(-17)?
4
Let v(y) = 13*y - 4. Let f(g) be the second derivative of 11*g**3 - 21*g**2/2 + 62*g. Let z(j) = -2*f(j) + 11*v(j). Determine z(-1).
-13
Let r(v) = -2*v**2 - 15*v - 15. Let i = -1916 - -1911. What is r(i)?
10
Let f = -3 - -4. Let o be 28 - (28/(-4) + 6). Let p(w) = -1 + 32*w - 6*w**3 + o*w + 2*w**2 - 61*w. Give p(f).
-5
Let m(g) = -8*g**3 + 494*g**2 - 2*g**3 - 1 - 493*g**2 - 2*g. What is m(-1)?
12
Let c be 16*1*105/140. Let n(b) = -18 + 20 + b - 16. Give n(c).
-2
Suppose 24*w - 26*w = -18. Let l(b) = 2 + 8 - 6*b + 5*b - w - b. Determine l(1).
-1
Let p(l) = -8*l - 8*l**2 + 5*l + l + 9*l**2 - 3 + 5*l. Suppose 0 = q - 2*c - 6, 5*q - 2*q + 5*c + 15 = 0. Suppose -h - 3 + q = 0. Calculate p(h).
-3
Let t(c) = -c**3 - 3 + 7*c**2 + 3 - 2. Suppose 7 = 19*x - 69. Suppose 2*g + 14 = 2*i + 4*g, 0 = -i - x*g + 7. What is t(i)?
-2
Let u(z) = z**2 - 8*z - 2. Let t(j) be the third derivative of -j**6/12 - j**5/30 + j**4/24 + j**3/6 + 17*j**2. Let p be t(-1). Calculate u(p).
-2
Let c(g) be the third derivative of -7*g**6/120 + g**5/30 + g**4/12 - g**3/3 - 7707*g**2 - 1. Give c(1).
-5
Let w = -1770 - -1772. Let d(k) = 37*k - 70. Determine d(w).
4
Let v(y) = 22*y - 836. Let g be v(38). Let z(x) be the second derivative of -24*x + 1/2*x**2 - 1/6*x**3 + g. Give z(5).
-4
Let b(k) = k**3 + k + 1. Let l = -71 - -74. Suppose 5*g + l*u + u + 541 = 0, 3*g - 5*u = -295. Let m be g/28 + 3 - 2/8. What is b(m)?
-1
Let h(z) = 2*z**2 + 3*z + 8. Let j(d) = -18*d**2 - 24*d - 60. Let r(k) = 17*h(k) + 2*j(k). What is r(-4)?
-28
Let a(y) be the first derivative of 5*y**4/2 + 8*y**3 + 3*y**2/2 + 4*y - 4578. Determine a(-2).
14
Let x(h) be the second derivative of h**3 + 2*h**2 + 3 + 5*h + 1/20*h**5 + 7/12*h**4. Let n(r) = 2*r - 2. Let g be n(-2). What is x(g)?
4
Let x(l) be the second derivative of -13*l**3/6 + 2*l - 2351. Let p(z) = -z**2 + 8*z - 8. Let t be p(7). What is x(t)?
13
Let m(q) = -q**3 - 35*q**2 + 97*q + 2189. Let r be m(-36). Let c(v) = -v**2 - 5*v + 10. Determine c(r).
-4
Suppose -4*z = -q - 27, -6 = -z + 3*q + 9. Suppose -3*t - 5*b = 0, 3*b = -2*t + b. Let m(x) = 15 + t*x - x**3 - 7 + 7*x**2 - 6*x - 2*x. Calculate m(z).
-4
Let o(z) be the second derivative of z**4/6 + 5*z**3/2 + 27*z**2/2 - 38*z + 9. What is o(-5)?
2
Let q be 18/(-4) - 1/2. Let h(g) be the second derivative of -g**4/12 - g**3/3 - 7*g**2/2 + 1146*g. Give h(q).
-22
Let z(w) = -3*w**3 - 13*w**2 + 7*w - 7. Suppose 3*n + 6 = 3*k, 0 = -817*n + 812*n + 3*k - 16. Give z(n).
8
Let s(x) = -5*x + 92. Suppose -4 = -2*j, 24*j - 19*j = 3*a - 44. Give s(a).
2
Let n be (8/(-2))/(-8)*202. Let c(b) = n - 7*b - 51 - 49. What is c(4)?
-27
Let d(k) be the third derivative of k**4/24 - 5*k**3/6 + 4332*k**2 + 2*k. What is d(9)?
4
Let s(n) be the second derivative of n**7/2520 - n**6/240 + n**5/30 - 2*n**4 + 35*n. Let a(l) be the third derivative of s(l). Determine a(5).
14
Let d(x) = -x**3 + 28*x**2 - 2*x + 46. Let j be (-78 - -92)/((6/8)/((-21)/(-14))). Calculate d(j).
-10
Let d(j) = 14*j - 79. Let c be d(6). Let r(v) = -v + 11. Let m(s) = s - 22. Let z(a) = c*r(a) + 3*m(a). Calculate z(-9).
7
Let l(a) = -5*a - 17. Let u(c) = -6*c - 17. Let o(f) = 4*l(f) - 3*u(f). Let i be o(-12). Let d(j) = -2*j + 11. Calculate d(i).
-3
Let d(c) = c**2 - 5*c + 4. Let l(z) = z**3 + 26 - 32 + 10*z + 2*z**2 - 7*z**2. Let j be l(3). Calculate d(j).
10
Suppose 4*o + 2*y = y - 34, -4*y - 16 = o. Let j(z) be the third derivative of z**4/24 + 5*z**3/6 + 5*z**2 - 46. What is j(o)?
-3
Let l(s) = -128 + 13*s - 9 + 558 - 89 + 37. Give l(-28).
5
Let i(f) be the third derivative of -f**6/120 + f**5/40 - f**4/6 + 19*f**2. Let h(n) be the second derivative of i(n). Calculate h(-4).
27
Let f = -365 - -390. Suppose -q - 3*p + f = 0, -4*q + q + 20 = -2*p. Let v(l) = -l - 11. Determine v(q).
-21
Suppose 63*b + 3130 = -5*q + 59*b, -5*q + 3*b = 3165. Let d be 1/6 + q/(-108). Let c(z) = z**2 - 5*z - 4. What is c(d)?
2
Let f(q) = 9 - 5 - 2*q + 3*q + 6. Let h(c) = -2*c**3 + 9*c**2 + 3*c + 2. Let r be h(5). Give f(r).
2
Let q(u) = -288*u**2 + 145*u**2 + 144*u**2. Calculate q(-4).
16
Let c(q) be the second derivative of -47*q**3/6 - 45*q**2/2 - 191*q + 11. What is c(-1)?
2
Let a(j) = 3*j**3 + 3*j**2 - j - 15. Suppose 0 = -5*q - 6*q - 121. Let d(t) = 16*t**3 + 16*t**2 - 5*t - 76. Let u(l) = q*a(l) + 2*d(l). Determi